96.
2, 3, 31, 67
List the prime factors of 14659.
107, 137
List the prime factors of 29029.
7, 11, 13, 29
What are the prime factors of 58976?
2, 19, 97
List the prime factors of 7103.
7103
List the prime factors of 1719.
3, 191
List the prime factors of 13015.
5, 19, 137
List the prime factors of 800.
2, 5
List the prime factors of 498.
2, 3, 83
List the prime factors of 79.
79
List the prime factors of 570.
2, 3, 5, 19
What are the prime factors of 6849?
3, 761
What are the prime factors of 10670?
2, 5, 11, 97
What are the prime factors of 23671?
23671
What are the prime factors of 1334?
2, 23, 29
List the prime factors of 33194.
2, 7, 2371
What are the prime factors of 14914?
2, 7457
List the prime factors of 2966.
2, 1483
What are the prime factors of 26138?
2, 7, 1867
What are the prime factors of 32809?
7, 43, 109
What are the prime factors of 54021?
3, 11, 1637
List the prime factors of 1708.
2, 7, 61
List the prime factors of 71812.
2, 13, 1381
What are the prime factors of 2866?
2, 1433
List the prime factors of 24384.
2, 3, 127
What are the prime factors of 26835?
3, 5, 1789
What are the prime factors of 7759?
7759
List the prime factors of 45478.
2, 22739
What are the prime factors of 24131?
59, 409
List the prime factors of 1912.
2, 239
List the prime factors of 65741.
13, 389
List the prime factors of 86.
2, 43
List the prime factors of 3514.
2, 7, 251
What are the prime factors of 16110?
2, 3, 5, 179
List the prime factors of 1156.
2, 17
What are the prime factors of 1497?
3, 499
What are the prime factors of 20947?
20947
List the prime factors of 14403.
3, 4801
List the prime factors of 41186.
2, 20593
List the prime factors of 2.
2
List the prime factors of 8047.
13, 619
What are the prime factors of 263?
263
List the prime factors of 4356.
2, 3, 11
What are the prime factors of 28513?
28513
List the prime factors of 78.
2, 3, 13
List the prime factors of 559.
13, 43
List the prime factors of 7522.
2, 3761
List the prime factors of 2394.
2, 3, 7, 19
What are the prime factors of 5206?
2, 19, 137
What are the prime factors of 31331?
17, 19, 97
What are the prime factors of 252?
2, 3, 7
List the prime factors of 4332.
2, 3, 19
List the prime factors of 660.
2, 3, 5, 11
What are the prime factors of 1126?
2, 563
List the prime factors of 1811.
1811
What are the prime factors of 5164?
2, 1291
List the prime factors of 1897.
7, 271
What are the prime factors of 2183?
37, 59
What are the prime factors of 2113?
2113
List the prime factors of 3661.
7, 523
List the prime factors of 8506.
2, 4253
What are the prime factors of 2340?
2, 3, 5, 13
What are the prime factors of 740?
2, 5, 37
List the prime factors of 16451.
16451
What are the prime factors of 1167?
3, 389
What are the prime factors of 754?
2, 13, 29
List the prime factors of 770.
2, 5, 7, 11
What are the prime factors of 4584?
2, 3, 191
What are the prime factors of 560?
2, 5, 7
List the prime factors of 894.
2, 3, 149
List the prime factors of 2543.
2543
What are the prime factors of 108200?
2, 5, 541
List the prime factors of 3169.
3169
List the prime factors of 21162.
2, 3, 3527
What are the prime factors of 383?
383
What are the prime factors of 221?
13, 17
List the prime factors of 677.
677
What are the prime factors of 232?
2, 29
List the prime factors of 983.
983
List the prime factors of 16151.
31, 521
What are the prime factors of 4901?
13, 29
List the prime factors of 31841.
17, 1873
List the prime factors of 5762.
2, 43, 67
List the prime factors of 13126.
2, 6563
List the prime factors of 3638.
2, 17, 107
List the prime factors of 27272.
2, 7, 487
List the prime factors of 132.
2, 3, 11
List the prime factors of 72586.
2, 36293
What are the prime factors of 53756?
2, 89, 151
List the prime factors of 2702.
2, 7, 193
List the prime factors of 93776.
2, 5861
List the prime factors of 1103.
1103
List the prime factors of 33277.
107, 311
List the prime factors of 1510.
2, 5, 151
List the prime factors of 37824.
2, 3, 197
What are the prime factors of 902?
2, 11, 41
What are the prime factors of 1812?
2, 3, 151
List the prime factors of 1889.
1889
List the prime factors of 465.
3, 5, 31
What are the prime factors of 431?
431
What are the prime factors of 4757?
67, 71
List the prime factors of 1150.
2, 5, 23
What are the prime factors of 72985?
5, 11, 1327
What are the prime factors of 829?
829
What are the prime factors of 6359?
6359
What are the prime factors of 29316?
2, 3, 7, 349
List the prime factors of 23477.
17, 1381
List the prime factors of 1184.
2, 37
What are the prime factors of 932?
2, 233
List the prime factors of 490.
2, 5, 7
List the prime factors of 1858.
2, 929
List the prime factors of 3849.
3, 1283
What are the prime factors of 2812?
2, 19, 37
What are the prime factors of 5863?
11, 13, 41
What are the prime factors of 71051?
227, 313
What are the prime factors of 59339?
7, 173
List the prime factors of 269.
269
What are the prime factors of 20097?
3, 7, 11, 29
What are the prime factors of 5939?
5939
List the prime factors of 1853.
17, 109
What are the prime factors of 2217?
3, 739
What are the prime factors of 19587?
3, 6529
What are the prime factors of 52874?
2, 26437
List the prime factors of 2770.
2, 5, 277
What are the prime factors of 1285?
5, 257
List the prime factors of 1444.
2, 19
List the prime factors of 34530.
2, 3, 5, 1151
What are the prime factors of 38?
2, 19
List the prime factors of 3253.
3253
List the prime factors of 8442.
2, 3, 7, 67
List the prime factors of 12271.
7, 1753
What are the prime factors of 37000?
2, 5, 37
List the prime factors of 196858.
2, 98429
List the prime factors of 1082.
2, 541
List the prime factors of 26598.
2, 3, 11, 13, 31
What are the prime factors of 2143?
2143
List the prime factors of 1588.
2, 397
List the prime factors of 25473.
3, 7, 1213
List the prime factors of 3174.
2, 3, 23
List the prime factors of 1068.
2, 3, 89
List the prime factors of 1610.
2, 5, 7, 23
What are the prime factors of 50156?
2, 12539
List the prime factors of 3958.
2, 1979
What are the prime factors of 17255?
5, 7, 17, 29
List the prime factors of 292.
2, 73
What are the prime factors of 1678?
2, 839
List the prime factors of 19021.
23, 827
What are the prime factors of 909?
3, 101
What are the prime factors of 9957?
3, 3319
List the prime factors of 1540.
2, 5, 7, 11
What are the prime factors of 24712?
2, 3089
What are the prime factors of 18666?
2, 3, 17, 61
List the prime factors of 2306.
2, 1153
List the prime factors of 8171.
8171
List the prime factors of 51904.
2, 811
What are the prime factors of 107588?
2, 13, 2069
List the prime factors of 7717.
7717
What are the prime factors of 39949?
7, 13, 439
What are the prime factors of 627?
3, 11, 19
List the prime factors of 6393.
3, 2131
What are the prime factors of 788?
2, 197
List the prime factors of 106.
2, 53
What are the prime factors of 23742?
2, 3, 1319
What are the prime factors of 11605?
5, 11, 211
List the prime factors of 141200.
2, 5, 353
What are the prime factors of 1020?
2, 3, 5, 17
What are the prime factors of 114517?
13, 23, 383
List the prime factors of 62083.
7, 181
What are the prime factors of 33183?
3, 1229
List the prime factors of 4303.
13, 331
What are the prime factors of 58322?
2, 11, 241
List the prime factors of 36490.
2, 5, 41, 89
What are the prime factors of 3?
3
List the prime factors of 3214.
2, 1607
What are the prime factors of 1504?
2, 47
List the prime factors of 17280.
2, 3, 5
List the prime factors of 401.
401
What are the prime factors of 1955?
5, 17, 23
List the prime factors of 95629.
95629
What are the prime factors of 119755?
5, 43, 557
List the prime factors of 311.
311
List the prime factors of 34727.
7, 11, 41
List the prime factors of 5187.
3, 7, 13, 19
List the prime factors of 203.
7, 29
List the prime factors of 6516.
2, 3, 181
List the prime factors of 135.
3, 5
List the prime factors of 10292.
2, 31, 83
What are the prime factors of 9947?
7, 29
What are the prime factors of 95841?
3, 23, 463
List the prime factors of 15845.
5, 3169
List the prime factors of 36864.
2, 3
What are the prime factors of 1886?
2, 23, 41
What are the prime factors of 10817?
29, 373
What are the prime factors of 16668?
2, 3, 463
L